{"id":9998,"date":"2026-04-11T18:25:34","date_gmt":"2026-04-11T18:25:34","guid":{"rendered":"https:\/\/www.haidvogl.at\/?page_id=9998"},"modified":"2026-04-11T18:53:13","modified_gmt":"2026-04-11T18:53:13","slug":"kopierservice-video","status":"publish","type":"page","link":"https:\/\/www.haidvogl.at\/index.php\/kopierservice-video\/","title":{"rendered":"KOPIERSERVICE-Video"},"content":{"rendered":"<p>[et_pb_section fb_built=&#8220;1&#8243; _builder_version=&#8220;4.27.3&#8243; _module_preset=&#8220;default&#8220; background_color=&#8220;#303030&#8243; custom_padding=&#8220;||12px|||&#8220; global_colors_info=&#8220;{}&#8220;][et_pb_row _builder_version=&#8220;4.22.1&#8243; _module_preset=&#8220;default&#8220; custom_padding=&#8220;||12px|||&#8220; global_colors_info=&#8220;{}&#8220;][et_pb_column type=&#8220;4_4&#8243; _builder_version=&#8220;4.22.1&#8243; _module_preset=&#8220;default&#8220; global_colors_info=&#8220;{}&#8220;][et_pb_text _builder_version=&#8220;4.24.2&#8243; _module_preset=&#8220;7c7124e3-4c91-4b2a-95a7-240d73fb42d0&#8243; header_4_text_color=&#8220;gcid-afa30cf2-6f5d-4b9c-aa39-7dbe1ac3b7a3&#8243; text_orientation=&#8220;center&#8220; global_colors_info=&#8220;{%22gcid-afa30cf2-6f5d-4b9c-aa39-7dbe1ac3b7a3%22:%91%22header_4_text_color%22%93}&#8220;]<\/p>\n<h4>Services<\/h4>\n<p>[\/et_pb_text][et_pb_text _builder_version=&#8220;4.27.4&#8243; _module_preset=&#8220;83fe4b49-b4da-4557-bb01-47b2492f14c4&#8243; header_text_color=&#8220;#FFFFFF&#8220; text_orientation=&#8220;center&#8220; global_colors_info=&#8220;{}&#8220;]<\/p>\n<h1 style=\"text-align: center;\">Kopierservice-Video<\/h1>\n<p>[\/et_pb_text][\/et_pb_column][\/et_pb_row][\/et_pb_section][et_pb_section fb_built=&#8220;1&#8243; _builder_version=&#8220;4.27.3&#8243; _module_preset=&#8220;default&#8220; background_color=&#8220;#303030&#8243; custom_padding=&#8220;20px||7px|||&#8220; global_colors_info=&#8220;{}&#8220;][et_pb_row _builder_version=&#8220;4.27.3&#8243; _module_preset=&#8220;default&#8220; custom_padding=&#8220;14px|||||&#8220; global_colors_info=&#8220;{}&#8220;][et_pb_column type=&#8220;4_4&#8243; _builder_version=&#8220;4.27.3&#8243; _module_preset=&#8220;default&#8220; global_colors_info=&#8220;{}&#8220;][et_pb_text _builder_version=&#8220;4.27.4&#8243; _module_preset=&#8220;default&#8220; text_text_color=&#8220;#FFFFFF&#8220; custom_margin=&#8220;||-6px|||&#8220; custom_padding=&#8220;0px|||||&#8220; global_colors_info=&#8220;{}&#8220;]<\/p>\n<p style=\"text-align: center;\">Bei Haidvogl-Audio bringen wir Ihre Videos in die digitale Zukunft, indem wir hochwertige Kopierdienste anbieten, die nicht nur die Bilder sondern auch den Klang bewahren und die Emotionen und die Geschichten hinter jedem Take festhalten.<\/p>\n<p style=\"text-align: center;\">Unser erfahrenes Team nutzt modernste und professionelle Studiotechnik, um sicherzustellen, dass Ihre wertvollen Aufnahmen in bester Qualit\u00e4t reproduziert werden. Egal, ob es sich um alte Sch\u00e4tze oder aktuelle Visualisierungen handelt, vertrauen Sie uns, um Ihre Erinnerungen f\u00fcr kommende Generationen zu sichern.<\/p>\n<p style=\"text-align: center;\">Und egal von welchem Medium auf welches Medium Sie Ihre Inhalte transferieren m\u00f6chten, sprechen Sie uns an wir helfen Ihnen gerne!<\/p>\n<p>[\/et_pb_text][\/et_pb_column][\/et_pb_row][et_pb_row _builder_version=&#8220;4.27.4&#8243; _module_preset=&#8220;default&#8220; custom_padding=&#8220;12px|||||&#8220; global_colors_info=&#8220;{}&#8220;][et_pb_column type=&#8220;4_4&#8243; _builder_version=&#8220;4.27.4&#8243; _module_preset=&#8220;default&#8220; global_colors_info=&#8220;{}&#8220;][et_pb_image src=&#8220;https:\/\/www.haidvogl.at\/wp-content\/uploads\/2026\/04\/videostudio-1.jpg&#8220; alt=&#8220;Haidvogl-Audio-Video&#8220; title_text=&#8220;Videostudio&#8220; _builder_version=&#8220;4.27.4&#8243; _module_preset=&#8220;default&#8220; hover_enabled=&#8220;0&#8243; border_radii=&#8220;on|15px|15px|15px|15px&#8220; global_colors_info=&#8220;{}&#8220; sticky_enabled=&#8220;0&#8243;][\/et_pb_image][\/et_pb_column][\/et_pb_row][\/et_pb_section][et_pb_section fb_built=&#8220;1&#8243; _builder_version=&#8220;4.27.4&#8243; _module_preset=&#8220;default&#8220; background_color=&#8220;#303030&#8243; custom_margin=&#8220;-13px|||||&#8220; custom_padding=&#8220;7px||0px|||&#8220; global_colors_info=&#8220;{}&#8220;][et_pb_row _builder_version=&#8220;4.27.4&#8243; _module_preset=&#8220;default&#8220; custom_padding=&#8220;9px|||||&#8220; global_colors_info=&#8220;{}&#8220;][et_pb_column type=&#8220;4_4&#8243; _builder_version=&#8220;4.27.4&#8243; _module_preset=&#8220;default&#8220; global_colors_info=&#8220;{}&#8220;][et_pb_text _builder_version=&#8220;4.27.4&#8243; _module_preset=&#8220;default&#8220; text_text_color=&#8220;#FFFFFF&#8220; min_height=&#8220;575.6px&#8220; custom_padding=&#8220;3px|||||&#8220; global_colors_info=&#8220;{}&#8220;]<\/p>\n<p style=\"text-align: center;\">Unser \u00dcberspielservice<br \/>bietet Ihnen die M\u00f6glichkeit<br \/>Ihre Videodaten in jedes beliebige Format zu bringen.<\/p>\n<p style=\"text-align: center;\">M\u00f6gliche Formate f\u00fcr die Wiedergabe sind:<br \/>VHS<br \/>VHS-C<br \/>S-VHS<br \/>Video8<br \/>Hi8<br \/>DV<br \/>miniDV<br \/>DVCAM<br \/>mini DVCAM<br \/>DVCpro (S,M,L)<br \/>DVCpro50 (S,M,L)<\/p>\n<p style=\"text-align: center;\">M\u00f6gliche Formate f\u00fcr die Aufnahme sind:<br \/>USB-Stick<br \/>HDD (Festplatte)<br \/>SSD<\/p>\n<p style=\"text-align: center;\">Spezialservice: \u00dcberspielungen zwischen den verschiedenen Bandtypen sind ebenfalls m\u00f6glich.<\/p>\n<p style=\"text-align: center;\">Auch eine Nachbearbeitung Ihrer Aufnahmen in unserem hauseigenen Video- und Tonstudio ist m\u00f6glich.<br \/>z.B.: Rauschminderung, Bildanpassungen, Pegelanpassung usw&#8230;<\/p>\n<p>[\/et_pb_text][\/et_pb_column][\/et_pb_row][et_pb_row _builder_version=&#8220;4.27.4&#8243; _module_preset=&#8220;default&#8220; global_colors_info=&#8220;{}&#8220;][et_pb_column type=&#8220;4_4&#8243; _builder_version=&#8220;4.27.4&#8243; _module_preset=&#8220;default&#8220; global_colors_info=&#8220;{}&#8220;][et_pb_divider color=&#8220;#0C71C3&#8243; divider_position=&#8220;center&#8220; divider_weight=&#8220;5px&#8220; _builder_version=&#8220;4.27.4&#8243; _module_preset=&#8220;default&#8220; width=&#8220;88%&#8220; module_alignment=&#8220;center&#8220; global_colors_info=&#8220;{}&#8220;][\/et_pb_divider][\/et_pb_column][\/et_pb_row][et_pb_row _builder_version=&#8220;4.27.4&#8243; _module_preset=&#8220;default&#8220; custom_padding=&#8220;0px|||||&#8220; global_colors_info=&#8220;{}&#8220;][et_pb_column type=&#8220;4_4&#8243; _builder_version=&#8220;4.27.4&#8243; _module_preset=&#8220;default&#8220; global_colors_info=&#8220;{}&#8220;][et_pb_text _builder_version=&#8220;4.27.4&#8243; _module_preset=&#8220;default&#8220; text_text_color=&#8220;#FFFFFF&#8220; text_font_size=&#8220;18px&#8220; global_colors_info=&#8220;{}&#8220;]<\/p>\n<p style=\"text-align: center;\">Aktuelle Preise<\/p>\n<p>[\/et_pb_text][\/et_pb_column][\/et_pb_row][\/et_pb_section][et_pb_section fb_built=&#8220;1&#8243; _builder_version=&#8220;4.27.3&#8243; _module_preset=&#8220;default&#8220; background_color=&#8220;#303030&#8243; custom_margin=&#8220;0px||||false|false&#8220; custom_padding=&#8220;0px||60px||false|false&#8220; locked=&#8220;off&#8220; global_colors_info=&#8220;{}&#8220;][et_pb_row _builder_version=&#8220;4.27.3&#8243; _module_preset=&#8220;default&#8220; custom_padding=&#8220;8px|||||&#8220; global_colors_info=&#8220;{}&#8220;][et_pb_column type=&#8220;4_4&#8243; _builder_version=&#8220;4.27.3&#8243; _module_preset=&#8220;default&#8220; global_colors_info=&#8220;{}&#8220;][et_pb_text _builder_version=&#8220;4.27.4&#8243; _module_preset=&#8220;default&#8220; text_text_color=&#8220;#FFFFFF&#8220; custom_margin=&#8220;-3px|||||&#8220; global_colors_info=&#8220;{}&#8220;]<\/p>\n<p style=\"text-align: center;\">pro Kassette und angefangene Stunde &#8212; auf USB-Stick &#8212; \u20ac 16,90\u00a0<\/p>\n<p style=\"text-align: center;\"><strong>zuz\u00fcglich<\/strong><\/p>\n<p style=\"text-align: center;\">Materialkosten pro USB-Stick<br \/>aktueller Tagespreis je nach Speichergr\u00f6\u00dfe<br \/>Fremddatentr\u00e4ger werden in unserem System nicht verarbeitet.<\/p>\n<p style=\"text-align: center;\">Materialkosten pro Festplatte oder SSD<br \/>aktueller Tagespreis je nach Speichergr\u00f6\u00dfe<br \/>Fremddatentr\u00e4ger werden in unserem System nicht verarbeitet.<\/p>\n<p style=\"text-align: center;\">Mindestauftragswert \u20ac 50,&#8211;<br \/>Versandkosten werden nach Aufwand in Rechnung gestellt.<\/p>\n<p style=\"text-align: center;\">F\u00fcr Sonderl\u00f6sungen sprechen Sie uns bitte an.<br \/><a href=\"mailto:doris@haidvogl.at?subject=Kontakt bez\u00fcglich Kopierservice-Video\">e-mail<\/a><\/p>\n<p style=\"text-align: center;\">Alle Preise verstehen sich inkl. 20% Mwst.<\/p>\n<p style=\"text-align: center;\"><strong>Lieferzeit:<\/strong><br \/>Eingehende Auftr\u00e4ge werden in der Eingangsreihenfolge schnellstm\u00f6glich abgearbeitet und zur\u00fcckgesandt.<\/p>\n<p style=\"text-align: center;\"><strong>Verlust oder Besch\u00e4digung:<\/strong><br \/>Bei Verlust oder Besch\u00e4digung des beigestellten Materials haften wir nur in H\u00f6he des Materialwertes, nicht aber f\u00fcr Inhalte oder Liebhaberwert.<\/p>\n<p style=\"text-align: center;\"><strong>Urheberrecht:<\/strong><br \/>Der Auftraggeber haftet f\u00fcr etwaige Urheber- und Leistungsschutzrechte bzw. Nutzungsbewilligungen des beigestellten Materials.<br \/>Urheberrechtlich gesch\u00fctztes Material ohne entsprechende Genehmigung senden wir unbearbeitet und kostenpflichtig zur\u00fcck.<\/p>\n<p>[\/et_pb_text][\/et_pb_column][\/et_pb_row][\/et_pb_section]<\/p>\n","protected":false},"excerpt":{"rendered":"<p>ServicesKopierservice-VideoBei Haidvogl-Audio bringen wir Ihre Videos in die digitale Zukunft, indem wir hochwertige Kopierdienste anbieten, die nicht nur die Bilder sondern auch den Klang bewahren und die Emotionen und die Geschichten hinter jedem Take festhalten. Unser erfahrenes Team nutzt modernste und professionelle Studiotechnik, um sicherzustellen, dass Ihre wertvollen Aufnahmen in bester Qualit\u00e4t reproduziert werden. Egal, [&hellip;]<\/p>\n","protected":false},"author":1,"featured_media":0,"parent":0,"menu_order":0,"comment_status":"closed","ping_status":"closed","template":"","meta":{"_et_pb_use_builder":"on","_et_pb_old_content":"","_et_gb_content_width":"","footnotes":""},"class_list":["post-9998","page","type-page","status-publish","hentry"],"_links":{"self":[{"href":"https:\/\/www.haidvogl.at\/index.php\/wp-json\/wp\/v2\/pages\/9998","targetHints":{"allow":["GET"]}}],"collection":[{"href":"https:\/\/www.haidvogl.at\/index.php\/wp-json\/wp\/v2\/pages"}],"about":[{"href":"https:\/\/www.haidvogl.at\/index.php\/wp-json\/wp\/v2\/types\/page"}],"author":[{"embeddable":true,"href":"https:\/\/www.haidvogl.at\/index.php\/wp-json\/wp\/v2\/users\/1"}],"replies":[{"embeddable":true,"href":"https:\/\/www.haidvogl.at\/index.php\/wp-json\/wp\/v2\/comments?post=9998"}],"version-history":[{"count":15,"href":"https:\/\/www.haidvogl.at\/index.php\/wp-json\/wp\/v2\/pages\/9998\/revisions"}],"predecessor-version":[{"id":10027,"href":"https:\/\/www.haidvogl.at\/index.php\/wp-json\/wp\/v2\/pages\/9998\/revisions\/10027"}],"wp:attachment":[{"href":"https:\/\/www.haidvogl.at\/index.php\/wp-json\/wp\/v2\/media?parent=9998"}],"curies":[{"name":"wp","href":"https:\/\/api.w.org\/{rel}","templated":true}]}}