{"id":9896,"date":"2026-04-11T12:11:44","date_gmt":"2026-04-11T12:11:44","guid":{"rendered":"https:\/\/www.haidvogl.at\/?page_id=9896"},"modified":"2026-04-11T15:03:57","modified_gmt":"2026-04-11T15:03:57","slug":"g-speed-shuttle-ssd","status":"publish","type":"page","link":"https:\/\/www.haidvogl.at\/index.php\/g-speed-shuttle-ssd\/","title":{"rendered":"G-Speed Shuttle SSD"},"content":{"rendered":"<p>[et_pb_section fb_built=&#8220;1&#8243; _builder_version=&#8220;4.27.3&#8243; _module_preset=&#8220;default&#8220; background_color=&#8220;#303030&#8243; custom_padding=&#8220;||0px|||&#8220; global_colors_info=&#8220;{}&#8220;][et_pb_row _builder_version=&#8220;4.27.3&#8243; _module_preset=&#8220;default&#8220; custom_padding=&#8220;||7px|||&#8220; global_colors_info=&#8220;{}&#8220;][et_pb_column type=&#8220;4_4&#8243; _builder_version=&#8220;4.22.1&#8243; _module_preset=&#8220;default&#8220; global_colors_info=&#8220;{}&#8220;][et_pb_text _builder_version=&#8220;4.27.4&#8243; _module_preset=&#8220;7c7124e3-4c91-4b2a-95a7-240d73fb42d0&#8243; header_4_text_color=&#8220;gcid-afa30cf2-6f5d-4b9c-aa39-7dbe1ac3b7a3&#8243; text_orientation=&#8220;center&#8220; global_colors_info=&#8220;{%22gcid-afa30cf2-6f5d-4b9c-aa39-7dbe1ac3b7a3%22:%91%22header_4_text_color%22%93}&#8220;]<\/p>\n<h4>Laborverkauf<\/h4>\n<p>[\/et_pb_text][et_pb_text _builder_version=&#8220;4.27.4&#8243; _module_preset=&#8220;83fe4b49-b4da-4557-bb01-47b2492f14c4&#8243; text_font_size=&#8220;30px&#8220; header_text_color=&#8220;#FFFFFF&#8220; text_orientation=&#8220;center&#8220; custom_margin=&#8220;||-4px|||&#8220; global_colors_info=&#8220;{}&#8220;]<\/p>\n<h1 style=\"text-align: center;\">G-Speed Shuttle SSD<\/h1>\n<p>[\/et_pb_text][\/et_pb_column][\/et_pb_row][\/et_pb_section][et_pb_section fb_built=&#8220;1&#8243; _builder_version=&#8220;4.27.3&#8243; _module_preset=&#8220;default&#8220; background_color=&#8220;#303030&#8243; custom_padding=&#8220;7px||38px|||&#8220; global_colors_info=&#8220;{}&#8220;][et_pb_row _builder_version=&#8220;4.27.3&#8243; _module_preset=&#8220;default&#8220; custom_padding=&#8220;13px|||||&#8220; global_colors_info=&#8220;{}&#8220;][et_pb_column type=&#8220;4_4&#8243; _builder_version=&#8220;4.27.3&#8243; _module_preset=&#8220;default&#8220; global_colors_info=&#8220;{}&#8220;][et_pb_text _builder_version=&#8220;4.27.4&#8243; _module_preset=&#8220;default&#8220; text_text_color=&#8220;#FFFFFF&#8220; custom_padding=&#8220;||0px|||&#8220; hover_enabled=&#8220;0&#8243; global_colors_info=&#8220;{}&#8220; sticky_enabled=&#8220;0&#8243;]<\/p>\n<p style=\"text-align: center;\">Das perfekte externe Speichermedium<br \/>f\u00fcr PC oder Mac<br \/>mit extremer Geschwindigkeit und hoher Datensicherheit.<\/p>\n<p style=\"text-align: center;\">SanDisk Professional G-RAID Shuttle SSD 16TB<\/p>\n<p style=\"text-align: center;\"><span>Kapazit\u00e4t 16 TB<\/span><br \/><span>2 x Thunderbolt 3 (40 Gbit\/s)<\/span><br \/><span>USB-C (10 Gbit\/s)<\/span><br \/><span>Bis zu 2.800 MB\/s Lesen und 2.700 MB\/s Schreiben<\/span><br \/><span>Reihenschaltung von bis zu 5 zus\u00e4tzlichen Ger\u00e4ten<\/span><br \/><span>bis zu 85 W f\u00fcr angeschlossene kompatible Laptops<\/span><br \/><span>Unterst\u00fctzt 4K-, 8K- und VR-Multi-StreamWorkflows<\/span><br \/><span>Unterst\u00fctzt RAID 0, 1, 5, 10, 50<\/span><\/p>\n<p style=\"text-align: center;\">f\u00fcr PC-Formatiert.<br \/><span>Kompatibilit\u00e4t macOS 10.15 oder neuer<\/span><span>\u00a0(durch Neuformatierung)<\/span><\/p>\n<p>[\/et_pb_text][\/et_pb_column][\/et_pb_row][et_pb_row _builder_version=&#8220;4.27.3&#8243; _module_preset=&#8220;default&#8220; global_colors_info=&#8220;{}&#8220;][et_pb_column type=&#8220;4_4&#8243; _builder_version=&#8220;4.27.3&#8243; _module_preset=&#8220;default&#8220; global_colors_info=&#8220;{}&#8220;][et_pb_image src=&#8220;https:\/\/www.haidvogl.at\/wp-content\/uploads\/2026\/04\/g_speed-v.jpg&#8220; alt=&#8220;Haidvogl-Audio&#8220; title_text=&#8220;g_speed-v&#8220; align=&#8220;center&#8220; _builder_version=&#8220;4.27.4&#8243; _module_preset=&#8220;default&#8220; width=&#8220;80%&#8220; border_radii=&#8220;on|15px|15px|15px|15px&#8220; global_colors_info=&#8220;{}&#8220;][\/et_pb_image][\/et_pb_column][\/et_pb_row][et_pb_row _builder_version=&#8220;4.27.3&#8243; _module_preset=&#8220;default&#8220; global_colors_info=&#8220;{}&#8220;][et_pb_column type=&#8220;4_4&#8243; _builder_version=&#8220;4.27.3&#8243; _module_preset=&#8220;default&#8220; global_colors_info=&#8220;{}&#8220;][et_pb_image src=&#8220;https:\/\/www.haidvogl.at\/wp-content\/uploads\/2026\/04\/g_speed-h.jpg&#8220; alt=&#8220;Haidvogl-Audio&#8220; title_text=&#8220;g_speed-h&#8220; align=&#8220;center&#8220; _builder_version=&#8220;4.27.4&#8243; _module_preset=&#8220;default&#8220; width=&#8220;80%&#8220; border_radii=&#8220;on|15px|15px|15px|15px&#8220; global_colors_info=&#8220;{}&#8220;][\/et_pb_image][\/et_pb_column][\/et_pb_row][et_pb_row _builder_version=&#8220;4.27.3&#8243; _module_preset=&#8220;default&#8220; global_colors_info=&#8220;{}&#8220;][et_pb_column type=&#8220;4_4&#8243; _builder_version=&#8220;4.27.3&#8243; _module_preset=&#8220;default&#8220; global_colors_info=&#8220;{}&#8220;][et_pb_text _builder_version=&#8220;4.27.4&#8243; _module_preset=&#8220;default&#8220; text_text_color=&#8220;#FFFFFF&#8220; global_colors_info=&#8220;{}&#8220;]<\/p>\n<p style=\"text-align: center;\"><strong>Neupreis 7956,&#8211;<\/strong><\/p>\n<p style=\"text-align: center;\">Das Ger\u00e4t ist bei uns kurze Zeit fehlerfrei im Testbetrieb gelaufen.<br \/>Wird von uns als Gebrauchtger\u00e4t abgegeben, die Garantie des Herstellers ist abgelaufen, das Ger\u00e4t funktioniert einwandfrei.<br \/>Funktionstest bei \u00dcbernahme erw\u00fcnscht.<\/p>\n<p style=\"text-align: center;\"><span style=\"color: #edf000;\"><strong>Sonderpreis Preis inkl. Mwst.: 2976,&#8211; \u20ac<\/strong><\/span><\/p>\n<p style=\"text-align: center;\">F\u00fcr weitere Informationen kontaktieren Sie uns bitte telefonisch oder per <a href=\"mailto:doris@haidvogl.at?subject=Kontakt bez\u00fcglich G-Speed Shuttle SSD\">e-mail<\/a> !<\/p>\n<p>[\/et_pb_text][\/et_pb_column][\/et_pb_row][\/et_pb_section]<\/p>\n","protected":false},"excerpt":{"rendered":"<p>LaborverkaufG-Speed Shuttle SSDDas perfekte externe Speichermediumf\u00fcr PC oder Macmit extremer Geschwindigkeit und hoher Datensicherheit. SanDisk Professional G-RAID Shuttle SSD 16TB Kapazit\u00e4t 16 TB2 x Thunderbolt 3 (40 Gbit\/s)USB-C (10 Gbit\/s)Bis zu 2.800 MB\/s Lesen und 2.700 MB\/s SchreibenReihenschaltung von bis zu 5 zus\u00e4tzlichen Ger\u00e4tenbis zu 85 W f\u00fcr angeschlossene kompatible LaptopsUnterst\u00fctzt 4K-, 8K- und VR-Multi-StreamWorkflowsUnterst\u00fctzt [&hellip;]<\/p>\n","protected":false},"author":1,"featured_media":0,"parent":0,"menu_order":0,"comment_status":"closed","ping_status":"closed","template":"","meta":{"_et_pb_use_builder":"on","_et_pb_old_content":"","_et_gb_content_width":"","footnotes":""},"class_list":["post-9896","page","type-page","status-publish","hentry"],"_links":{"self":[{"href":"https:\/\/www.haidvogl.at\/index.php\/wp-json\/wp\/v2\/pages\/9896","targetHints":{"allow":["GET"]}}],"collection":[{"href":"https:\/\/www.haidvogl.at\/index.php\/wp-json\/wp\/v2\/pages"}],"about":[{"href":"https:\/\/www.haidvogl.at\/index.php\/wp-json\/wp\/v2\/types\/page"}],"author":[{"embeddable":true,"href":"https:\/\/www.haidvogl.at\/index.php\/wp-json\/wp\/v2\/users\/1"}],"replies":[{"embeddable":true,"href":"https:\/\/www.haidvogl.at\/index.php\/wp-json\/wp\/v2\/comments?post=9896"}],"version-history":[{"count":6,"href":"https:\/\/www.haidvogl.at\/index.php\/wp-json\/wp\/v2\/pages\/9896\/revisions"}],"predecessor-version":[{"id":9959,"href":"https:\/\/www.haidvogl.at\/index.php\/wp-json\/wp\/v2\/pages\/9896\/revisions\/9959"}],"wp:attachment":[{"href":"https:\/\/www.haidvogl.at\/index.php\/wp-json\/wp\/v2\/media?parent=9896"}],"curies":[{"name":"wp","href":"https:\/\/api.w.org\/{rel}","templated":true}]}}