{"id":8618,"date":"2024-11-25T12:44:55","date_gmt":"2024-11-25T12:44:55","guid":{"rendered":"https:\/\/www.haidvogl.at\/?page_id=8618"},"modified":"2025-11-14T17:20:18","modified_gmt":"2025-11-14T17:20:18","slug":"revox-studer","status":"publish","type":"page","link":"https:\/\/www.haidvogl.at\/index.php\/revox-studer\/","title":{"rendered":"REVOX &#8211; STUDER"},"content":{"rendered":"<p>[et_pb_section fb_built=&#8220;1&#8243; _builder_version=&#8220;4.27.3&#8243; _module_preset=&#8220;default&#8220; background_color=&#8220;#303030&#8243; custom_padding=&#8220;||15px|||&#8220; global_colors_info=&#8220;{}&#8220;][et_pb_row _builder_version=&#8220;4.22.1&#8243; _module_preset=&#8220;default&#8220; global_colors_info=&#8220;{}&#8220;][et_pb_column type=&#8220;4_4&#8243; _builder_version=&#8220;4.22.1&#8243; _module_preset=&#8220;default&#8220; global_colors_info=&#8220;{}&#8220;][et_pb_text _builder_version=&#8220;4.24.2&#8243; _module_preset=&#8220;7c7124e3-4c91-4b2a-95a7-240d73fb42d0&#8243; header_4_text_color=&#8220;gcid-afa30cf2-6f5d-4b9c-aa39-7dbe1ac3b7a3&#8243; text_orientation=&#8220;center&#8220; global_colors_info=&#8220;{%22gcid-afa30cf2-6f5d-4b9c-aa39-7dbe1ac3b7a3%22:%91%22header_4_text_color%22%93}&#8220;]<\/p>\n<h4>Services<\/h4>\n<p>[\/et_pb_text][et_pb_text _builder_version=&#8220;4.27.3&#8243; _module_preset=&#8220;83fe4b49-b4da-4557-bb01-47b2492f14c4&#8243; header_text_color=&#8220;#FFFFFF&#8220; text_orientation=&#8220;center&#8220; global_colors_info=&#8220;{}&#8220;]<\/p>\n<h1>Revox &#8211; Studer<\/h1>\n<p>[\/et_pb_text][\/et_pb_column][\/et_pb_row][et_pb_row _builder_version=&#8220;4.27.4&#8243; _module_preset=&#8220;default&#8220; global_colors_info=&#8220;{}&#8220;][et_pb_column type=&#8220;4_4&#8243; _builder_version=&#8220;4.27.4&#8243; _module_preset=&#8220;default&#8220; global_colors_info=&#8220;{}&#8220;][et_pb_text _builder_version=&#8220;4.27.4&#8243; _module_preset=&#8220;default&#8220; text_text_color=&#8220;#FFFFFF&#8220; text_font_size=&#8220;24px&#8220; global_colors_info=&#8220;{}&#8220;]<\/p>\n<p style=\"text-align: center;\">Reparatur &amp; Service<\/p>\n<p>[\/et_pb_text][et_pb_text _builder_version=&#8220;4.27.4&#8243; _module_preset=&#8220;default&#8220; text_text_color=&#8220;#FFFFFF&#8220; link_text_align=&#8220;left&#8220; width=&#8220;100%&#8220; global_colors_info=&#8220;{}&#8220;]<\/p>\n<p style=\"text-align: center;\">Wenn Sie stolzer Besitzer einer hochwertigen Tonbandmaschine aus dem Haus Studer\/Revox sind oder werden wollen, dann sind Sie bei uns richtig.<\/p>\n<p style=\"text-align: center;\">Als leidenschaftlicher Revox und Studer Ger\u00e4te Spezialist verstehen wir die Kunst, mit diesen Ger\u00e4ten Klang auf h\u00f6chstem Niveau zu gestalten.<br \/>Unsere Expertise erstreckt sich \u00fcber die sorgf\u00e4ltige und fachkundige Wartung und Reparatur bis hin zu kundenspezifischen Modifikationen, um sicherzustellen, dass Ihre Ger\u00e4te stets in Bestform sind.<br \/>Bei Haidvogl-Audio kombinieren wir modernes Know-how mit einem tiefen Verst\u00e4ndnis f\u00fcr die Tradition dieser legend\u00e4ren Marke, sodass Sie nicht nur Produkte, sondern auch ein St\u00fcck zeitloser Audio-Kultur erleben k\u00f6nnen. Vertrauen Sie auf uns, um Ihre H\u00f6rerfahrung zu optimieren und das Beste aus Ihren Audioger\u00e4ten herauszuholen.<\/p>\n<p>[\/et_pb_text][\/et_pb_column][\/et_pb_row][et_pb_row _builder_version=&#8220;4.27.4&#8243; _module_preset=&#8220;default&#8220; global_colors_info=&#8220;{}&#8220;][et_pb_column type=&#8220;4_4&#8243; _builder_version=&#8220;4.27.4&#8243; _module_preset=&#8220;default&#8220; global_colors_info=&#8220;{}&#8220;][et_pb_image src=&#8220;https:\/\/www.haidvogl.at\/wp-content\/uploads\/2025\/11\/B77MkII.jpg&#8220; alt=&#8220;Haidvogl-Audio&#8220; title_text=&#8220;B77MkII&#8220; _builder_version=&#8220;4.27.4&#8243; _module_preset=&#8220;default&#8220; hover_enabled=&#8220;0&#8243; border_radii=&#8220;on|15px|15px|15px|15px&#8220; global_colors_info=&#8220;{}&#8220; sticky_enabled=&#8220;0&#8243;][\/et_pb_image][\/et_pb_column][\/et_pb_row][\/et_pb_section][et_pb_section fb_built=&#8220;1&#8243; _builder_version=&#8220;4.27.3&#8243; _module_preset=&#8220;default&#8220; background_color=&#8220;#303030&#8243; custom_padding=&#8220;25px||21px|||&#8220; global_colors_info=&#8220;{}&#8220;][et_pb_row _builder_version=&#8220;4.27.3&#8243; _module_preset=&#8220;default&#8220; global_colors_info=&#8220;{}&#8220;][et_pb_column type=&#8220;4_4&#8243; _builder_version=&#8220;4.27.3&#8243; _module_preset=&#8220;default&#8220; global_colors_info=&#8220;{}&#8220;][et_pb_text _builder_version=&#8220;4.27.4&#8243; _module_preset=&#8220;default&#8220; text_text_color=&#8220;#FFFFFF&#8220; global_colors_info=&#8220;{}&#8220;]<\/p>\n<p style=\"text-align: center;\">Wir k\u00f6nnen f\u00fcr Sie alle Varianten der Revox Maschinen servicieren, warten oder mit neuen Komponenten ausstatten.<\/p>\n<p style=\"text-align: center;\">Ein kleiner Auszug aus unserem Revox-B77 Leistungsspektrum:<\/p>\n<p style=\"text-align: center;\">Einmessen auf andere Bandsorte.<br \/>Umr\u00fcsten auf andere Entzerrung.<br \/>Umr\u00fcsten auf Digitales Z\u00e4hlwerk.<br \/>Modernisierung der Motorsteuerung.<br \/>Anfertigen von Messprotokollen.<br \/>(Neutrik-Messschrieb)<br \/>Nextel-Beschichtung erneuern.<br \/>usw&#8230;<\/p>\n<p style=\"text-align: center;\">Selbstverst\u00e4ndlich sind wir auch erste Adresse f\u00fcr professionelles Service und Reparatur von Studer-Maschinen.<\/p>\n<p style=\"text-align: center;\">Sprechen Sie uns diesbez\u00fcglich einfach an, wir beraten Sie gerne unverbindlich.<\/p>\n<p>[\/et_pb_text][\/et_pb_column][\/et_pb_row][et_pb_row _builder_version=&#8220;4.27.4&#8243; _module_preset=&#8220;default&#8220; global_colors_info=&#8220;{}&#8220;][et_pb_column type=&#8220;4_4&#8243; _builder_version=&#8220;4.27.4&#8243; _module_preset=&#8220;default&#8220; global_colors_info=&#8220;{}&#8220;][et_pb_image src=&#8220;https:\/\/www.haidvogl.at\/wp-content\/uploads\/2024\/11\/A810-800&#215;561-1.jpg&#8220; alt=&#8220;Studer A810&#8243; title_text=&#8220;Studer A810&#8243; align=&#8220;center&#8220; _builder_version=&#8220;4.27.4&#8243; _module_preset=&#8220;default&#8220; border_radii=&#8220;on|15px|15px|15px|15px&#8220; global_colors_info=&#8220;{}&#8220;][\/et_pb_image][\/et_pb_column][\/et_pb_row][\/et_pb_section]<\/p>\n","protected":false},"excerpt":{"rendered":"<p>ServicesRevox &#8211; StuderReparatur &amp; ServiceWenn Sie stolzer Besitzer einer hochwertigen Tonbandmaschine aus dem Haus Studer\/Revox sind oder werden wollen, dann sind Sie bei uns richtig. Als leidenschaftlicher Revox und Studer Ger\u00e4te Spezialist verstehen wir die Kunst, mit diesen Ger\u00e4ten Klang auf h\u00f6chstem Niveau zu gestalten.Unsere Expertise erstreckt sich \u00fcber die sorgf\u00e4ltige und fachkundige Wartung und [&hellip;]<\/p>\n","protected":false},"author":1,"featured_media":0,"parent":0,"menu_order":0,"comment_status":"closed","ping_status":"closed","template":"","meta":{"_et_pb_use_builder":"on","_et_pb_old_content":"","_et_gb_content_width":"","footnotes":""},"class_list":["post-8618","page","type-page","status-publish","hentry"],"_links":{"self":[{"href":"https:\/\/www.haidvogl.at\/index.php\/wp-json\/wp\/v2\/pages\/8618","targetHints":{"allow":["GET"]}}],"collection":[{"href":"https:\/\/www.haidvogl.at\/index.php\/wp-json\/wp\/v2\/pages"}],"about":[{"href":"https:\/\/www.haidvogl.at\/index.php\/wp-json\/wp\/v2\/types\/page"}],"author":[{"embeddable":true,"href":"https:\/\/www.haidvogl.at\/index.php\/wp-json\/wp\/v2\/users\/1"}],"replies":[{"embeddable":true,"href":"https:\/\/www.haidvogl.at\/index.php\/wp-json\/wp\/v2\/comments?post=8618"}],"version-history":[{"count":14,"href":"https:\/\/www.haidvogl.at\/index.php\/wp-json\/wp\/v2\/pages\/8618\/revisions"}],"predecessor-version":[{"id":9862,"href":"https:\/\/www.haidvogl.at\/index.php\/wp-json\/wp\/v2\/pages\/8618\/revisions\/9862"}],"wp:attachment":[{"href":"https:\/\/www.haidvogl.at\/index.php\/wp-json\/wp\/v2\/media?parent=8618"}],"curies":[{"name":"wp","href":"https:\/\/api.w.org\/{rel}","templated":true}]}}